ors of 224641.
23, 9767
List the prime factors of 712508.
2, 178127
List the prime factors of 113647.
113647
What are the prime factors of 1560460?
2, 5, 11, 41, 173
What are the prime factors of 13566573?
3, 23, 65539
What are the prime factors of 1003576?
2, 7, 17921
What are the prime factors of 232176?
2, 3, 7, 691
List the prime factors of 1186201.
167, 7103
List the prime factors of 2062099.
13, 127, 1249
List the prime factors of 5527864.
2, 29, 23827
What are the prime factors of 17071856?
2, 263, 4057
List the prime factors of 5390398.
2, 13, 151, 1373
List the prime factors of 122334.
2, 3, 20389
What are the prime factors of 1187428?
2, 11, 26987
What are the prime factors of 460346?
2, 29, 7937
List the prime factors of 1219242.
2, 3, 203207
What are the prime factors of 4629?
3, 1543
What are the prime factors of 2934041?
11, 23, 11597
List the prime factors of 588402.
2, 3, 97, 337
List the prime factors of 2833793.
19, 29, 37, 139
What are the prime factors of 2831887?
1621, 1747
List the prime factors of 702875.
5, 5623
What are the prime factors of 162520?
2, 5, 17, 239
What are the prime factors of 109975?
5, 53, 83
What are the prime factors of 12846003?
3, 4282001
List the prime factors of 570621.
3, 190207
What are the prime factors of 10088809?
10088809
List the prime factors of 170245.
5, 79, 431
List the prime factors of 5457307.
29, 227, 829
What are the prime factors of 177680?
2, 5, 2221
What are the prime factors of 2306171?
7, 107, 3079
List the prime factors of 947946.
2, 3, 157991
List the prime factors of 38170720.
2, 5, 7, 173, 197
What are the prime factors of 51848?
2, 6481
List the prime factors of 56172.
2, 3, 31, 151
What are the prime factors of 4377125?
5, 19, 97
List the prime factors of 788749.
13, 17, 43, 83
What are the prime factors of 1399085?
5, 279817
List the prime factors of 1881295.
5, 13, 103, 281
What are the prime factors of 3343564?
2, 7, 2437
What are the prime factors of 1221289?
1221289
What are the prime factors of 370600?
2, 5, 17, 109
What are the prime factors of 757795?
5, 31, 4889
List the prime factors of 182203.
7, 26029
What are the prime factors of 329183?
53, 6211
List the prime factors of 897469.
897469
What are the prime factors of 6636332?
2, 1659083
What are the prime factors of 129335?
5, 25867
List the prime factors of 1078512.
2, 3, 22469
List the prime factors of 601098.
2, 3, 100183
What are the prime factors of 2159265?
3, 5, 41, 3511
What are the prime factors of 231637?
7, 33091
List the prime factors of 386673.
3, 7, 18413
What are the prime factors of 2413730?
2, 5, 11, 21943
List the prime factors of 1437067.
31, 151, 307
What are the prime factors of 16281539?
23, 457, 1549
List the prime factors of 3537639.
3, 7, 233, 241
List the prime factors of 8586270.
2, 3, 5, 7, 11, 59
What are the prime factors of 568637?
53, 10729
What are the prime factors of 19005?
3, 5, 7, 181
What are the prime factors of 6057832?
2, 11, 23, 41, 73
What are the prime factors of 5683720?
2, 5, 7, 53, 383
What are the prime factors of 10694210?
2, 5, 1069421
List the prime factors of 29874.
2, 3, 13, 383
What are the prime factors of 12660533?
43, 294431
What are the prime factors of 8772426?
2, 3, 13, 37489
What are the prime factors of 9201435?
3, 5, 619, 991
List the prime factors of 4467303.
3, 47, 59, 179
List the prime factors of 213560.
2, 5, 19, 281
List the prime factors of 360854.
2, 13, 13879
List the prime factors of 6334992.
2, 3, 29, 37, 41
List the prime factors of 4962438.
2, 3, 13, 7069
What are the prime factors of 116557?
7, 16651
List the prime factors of 113216.
2, 29, 61
What are the prime factors of 2246057?
11, 17, 12011
What are the prime factors of 148293?
3, 16477
What are the prime factors of 259958?
2, 19, 6841
List the prime factors of 549752.
2, 7, 9817
List the prime factors of 10393160.
2, 5, 259829
What are the prime factors of 1416726?
2, 3, 78707
List the prime factors of 246475.
5, 9859
What are the prime factors of 3103846?
2, 163, 9521
List the prime factors of 45535.
5, 7, 1301
List the prime factors of 1215699.
3, 311, 1303
List the prime factors of 1686345.
3, 5, 19, 61, 97
What are the prime factors of 105445?
5, 21089
List the prime factors of 93424.
2, 5839
What are the prime factors of 264733?
7, 59, 641
What are the prime factors of 762920?
2, 5, 19073
List the prime factors of 5493338.
2, 2746669
List the prime factors of 1305020.
2, 5, 23, 2837
List the prime factors of 6787849.
6787849
What are the prime factors of 8164862?
2, 17, 23, 53, 197
List the prime factors of 1087596.
2, 3, 30211
What are the prime factors of 6011317?
13, 462409
What are the prime factors of 3728428?
2, 11, 84737
List the prime factors of 132147.
3, 14683
List the prime factors of 268759.
268759
What are the prime factors of 2105608?
2, 263201
List the prime factors of 220392.
2, 3, 3061
What are the prime factors of 441965?
5, 37, 2389
List the prime factors of 4885820.
2, 5, 244291
What are the prime factors of 8790154?
2, 41, 107197
List the prime factors of 17815.
5, 7, 509
What are the prime factors of 230451?
3, 13, 19, 311
List the prime factors of 19713115.
5, 17, 231919
What are the prime factors of 801901?
37, 21673
List the prime factors of 4331102.
2, 2165551
What are the prime factors of 4955166?
2, 3, 23, 11969
List the prime factors of 129900.
2, 3, 5, 433
What are the prime factors of 9704178?
2, 3, 11, 17, 31
List the prime factors of 3111797.
13, 18413
List the prime factors of 24998521.
83, 349, 863
What are the prime factors of 5228180?
2, 5, 17, 15377
List the prime factors of 358949.
31, 11579
What are the prime factors of 5646697?
7, 806671
List the prime factors of 28015401.
3, 37, 252391
What are the prime factors of 537559?
11, 48869
List the prime factors of 10746539.
37, 290447
What are the prime factors of 6093615?
3, 5, 11, 36931
List the prime factors of 580144.
2, 101, 359
What are the prime factors of 16346118?
2, 3, 19, 143387
What are the prime factors of 1245702?
2, 3, 191, 1087
List the prime factors of 489244.
2, 7, 101, 173
What are the prime factors of 3558618?
2, 3, 7, 61, 463
List the prime factors of 5875786.
2, 7, 59957
List the prime factors of 1486900.
2, 5, 14869
List the prime factors of 224410.
2, 5, 22441
List the prime factors of 733438.
2, 19, 19301
What are the prime factors of 7109954?
2, 173, 20549
What are the prime factors of 11438608?
2, 19, 191, 197
What are the prime factors of 1521688?
2, 7, 29, 937
List the prime factors of 130858.
2, 7, 13, 719
What are the prime factors of 427404?
2, 3, 35617
List the prime factors of 149426.
2, 74713
List the prime factors of 1578180.
2, 3, 5, 29, 907
What are the prime factors of 555303?
3, 7, 31, 853
What are the prime factors of 8847655?
5, 1769531
What are the prime factors of 611739?
3, 139, 163
List the prime factors of 280332.
2, 3, 13, 599
List the prime factors of 4469064.
2, 3, 186211
List the prime factors of 272190.
2, 3, 5, 43, 211
What are the prime factors of 2090380?
2, 5, 19, 5501
List the prime factors of 1382331.
3, 460777
List the prime factors of 1289499.
3, 229, 1877
What are the prime factors of 264024?
2, 3, 19, 193
What are the prime factors of 14192414?
2, 1571, 4517
What are the prime factors of 13295612?
2, 11, 302173
List the prime factors of 181512.
2, 3, 2521
What are the prime factors of 1104357?
3, 137, 2687
List the prime factors of 1753482.
2, 3, 17, 17191
What are the prime factors of 136995?
3, 5, 9133
What are the prime factors of 6285?
3, 5, 419
What are the prime factors of 299070?
2, 3, 5, 3323
What are the prime factors of 229668?
2, 3, 19139
What are the prime factors of 1842740?
2, 5, 199, 463
What are the prime factors of 762089?
37, 43, 479
List the prime factors of 221648.
2, 7, 1979
What are the prime factors of 1295062?
2, 647531
What are the prime factors of 635094?
2, 3, 19, 619
What are the prime factors of 5509050?
2, 3, 5, 19, 1933
List the prime factors of 11167134.
2, 3, 11, 169199
List the prime factors of 3601546.
2, 13, 71, 1951
What are the prime factors of 621613?
113, 5501
What are the prime factors of 291573?
3, 10799
What are the prime factors of 36497?
36497
List the prime factors of 1995386.